. Let k be a(v). Suppose 60 = 5*g - k. Calculate the remainder when g is divided by 10.
7
Let p = 12 - -15. Let g be (-1)/(-1) + -4*1 - -51. Suppose 102 = 2*k + 4*u, 262 - g = 4*k - 2*u. Calculate the remainder when k is divided by p.
26
Let m(r) = 12*r - 165. Let z(j) = -j**3 - 6*j**2 + 4*j. Calculate the remainder when m(17) is divided by z(-7).
18
Let o(c) = -2 + 1 - 2*c**2 + 8*c - 6*c + 0 + 17*c**3. What is the remainder when 47 is divided by o(1)?
15
Let l(p) = p**2 - 12*p + 14. Let i be l(10). What is the remainder when (-339)/i - (-2)/4 is divided by 30?
27
What is the remainder when (-5137)/(-55) - 2/5 is divided by 30?
3
Suppose 3*f + 72 = 5*z - 2, 0 = -2*z - 3*f + 17. Let s be z/52 - (-79)/4. Suppose -2*h + s + 20 = 0. What is the remainder when 36 is divided by h?
16
Suppose 0 = -2*i + 3*h - 186, h = -i - 0*i - 88. What is the remainder when 55 is divided by i/(-12) - 2/4?
6
Let l(a) = -2*a**2 + 17*a + 20. Calculate the remainder when 27 is divided by l(9).
5
Suppose p + 4*f - 8 = 0, -3*f + 16 = -p + 3*p. Let c = p + -6. Suppose 0 = -c*i + 3*i - 65. What is the remainder when i is divided by 17?
14
Let w(r) = 5*r + 53. Calculate the remainder when 19 is divided by w(-10).
1
Let r = 283 - 191. What is the remainder when r is divided by 7?
1
Let r(w) = -2*w + 71. Suppose 108 = 5*m + 5*h - h, 4*h = -12. Let v = 9 - 3. What is the remainder when r(m) is divided by v?
5
Suppose -86*t + 108*t - 462 = 0. What is the remainder when 457 is divided by t?
16
Suppose -10332 = -4*a + 7*p - 5*p, 12915 = 5*a - 3*p. What is the remainder when a is divided by 17?
16
Let n(o) = 2*o**2 - 17*o + 8. Let d be n(8). Suppose -3*v + 9 = d, 2*v = k + 4*v - 46. Calculate the remainder when 77 is divided by k.
37
Suppose -4*i - i = d - 3, -2*d = 3*i - 20. Suppose 5*m - 65 = -3*h, 23 = 3*h - 2*h + 3*m. What is the remainder when (h/30)/(6/459) is divided by d?
12
Let y be -6*((-2)/(-7) + 60/84). Let w(s) = -s + 3. Calculate the remainder when 28 is divided by w(y).
1
Let k = 261 - 208. Calculate the remainder when 156 is divided by k.
50
Let y(s) = -s**2 - 10*s - 12. Suppose -5*k + 24 = -4*f, 4*k + 0 = 2*f + 24. What is the remainder when k is divided by y(-8)?
0
Suppose -62*q + 536 + 146 = 0. Suppose t + 2 = 0, 5*t = -5*z + 361 - 111. Calculate the remainder when z is divided by q.
8
Let j(o) = o**2 + 18*o - 5. Let g be j(-19). Suppose 6*z + g - 56 = 0. What is the remainder when 33 is divided by z?
5
Let x(c) = c**2 - 3*c - 51. Let q be x(-6). Suppose 3*o = 5*s - 2*o - 75, -4*s + o = -72. Suppose b - q = s. Calculate the remainder when b is divided by 6.
4
Let z be (-1)/(-2 - -3) + 1. Suppose 214 = 5*n + v - 49, -4*n - 5*v + 202 = z. What is the remainder when n is divided by 105/10*(-36)/(-21)?
17
Suppose v - 104 = 5*v. Let z = v - -37. Calculate the remainder when z is divided by 3.
2
Let h(z) = 42*z**2 - z + 1. Suppose 0 - 2 = -2*v. Calculate the remainder when h(v) is divided by 22.
20
Suppose -3*g + 8 + 10 = 0. Suppose -g*q + q = -365. Suppose -6*j + 90 = -24. What is the remainder when q is divided by j?
16
Let n(t) = 2*t + 18. Let z be n(0). Suppose 2*a - z = -3*g, -5*a + g + g + 45 = 0. Calculate the remainder when a is divided by 4.
1
Let d be (2/(-3))/(8/(-1548)). Let z = -70 + d. What is the remainder when z is divided by 17?
8
Let w = -15 + 15. Suppose -175 = -2*z + 3*i, w = 5*z + 2*i - i - 412. What is the remainder when z is divided by 21?
20
Suppose 33 = 6*u - 153. Let j = -27 + u. Calculate the remainder when j is divided by 2.
0
Let y(v) = -6*v + 3. Suppose l = -30*i + 29*i + 7, 5*i = -20. Calculate the remainder when y(-6) is divided by l.
6
Let k(q) = 15*q - 22. Let d(o) = 3*o. Let v be d(-1). Calculate the remainder when (46/v)/(6/(-9)) is divided by k(2).
7
Suppose -7*d - 7 = -6*d. Let t = 2 - d. Suppose 4*b - t*b + 290 = 0. What is the remainder when b is divided by 15?
13
Suppose 4*c - 3*p - 456 = 840, 3*c + p = 985. Suppose 0*b - 4*b + 183 = 5*s, -s - 1 = 0. Calculate the remainder when c is divided by b.
45
Let m(o) = o**2 + 6*o + 2. Let k be m(-6). Suppose 0 = -y - k*y + 111. Calculate the remainder when y is divided by (-24)/28 + 2044/98.
17
Let n be ((-13)/(-1))/(5 - 4). Let x = n + 0. Let b = 13 + x. Calculate the remainder when b is divided by 7.
5
Let z be (-2 - -3)/(-1) - 13. Let u = 20 + z. Calculate the remainder when 445/20 - (-1)/(-4) is divided by u.
4
Let x = -2300 - -2311. Suppose 9 = 4*s - 115. What is the remainder when s is divided by x?
9
Let z = 1969 + -964. Calculate the remainder when z is divided by 14.
11
Let m(o) = 3*o - 8. Calculate the remainder when (-112)/32*(-3 - -21)*-1 is divided by m(8).
15
Suppose 2*l - 44 = 138. Calculate the remainder when 180 is divided by l.
89
Let k(t) = -t**2 - 15*t + 26. Let h be k(-16). Suppose -5*x - h = -4*b + 22, 0 = -4*b - x + 56. Calculate the remainder when b is divided by 6 - -2 - (1 + 0).
6
Let b = 5 - -15. What is the remainder when 24/((-5)/b + (-22)/(-24)) is divided by 13?
10
Let m(g) = 6*g**3 - g**3 - 9 + 16 - 5 + g - g**2. Calculate the remainder when 117 is divided by m(2).
37
Let g(x) = x**3 + 3*x**2 - 3*x - 1. What is the remainder when (144/96)/(55/107 - 1/2) is divided by g(-2)?
8
Let n = -8 + 51. Let t = -30 + n. Calculate the remainder when t is divided by 3.
1
Suppose k = -3*o + 1, -2*k - 8 = -3*o + 8. Suppose -o*x + 5*b = -1, 5*x + 3*b - 17 = b. Calculate the remainder when 56 is divided by (29/x)/(4/12).
27
Suppose -h + 24 = -3*h. Let n be (18/h)/((-3)/4). Suppose -n*f + 5*l - 2*l = -3, -4*f + 10 = -2*l. Calculate the remainder when 6 is divided by f.
0
Let m = 20 - 12. Let p be m/5 - (-18)/45. Suppose -2*g = p*g - 36. Calculate the remainder when g is divided by 6.
3
Let t(z) = z**3 - 17*z**2 + 20*z - 40. Calculate the remainder when 693 is divided by t(16).
21
Let u(x) = x**3 + 7*x**2 + 8*x + 5. Let j = 650 + -623. What is the remainder when j is divided by u(-5)?
12
Suppose -2 = z - 11. Let j be 21*-3*(-3)/z. Suppose w = c - 16, 0 = 5*w + j - 6. What is the remainder when 38 is divided by c?
12
What is the remainder when 108 is divided by 40/(-12)*126/(-30)?
10
Suppose 0 = a - 6*a + 95. Let c = -19 + a. Suppose -q - 3*d - d + 52 = 0, c = 4*q - 5*d - 166. What is the remainder when q is divided by 12?
8
Suppose -5*d + 74 = 3*l - 0*l, 0 = -l + 3*d + 6. Suppose -20*u + 136 = -64. What is the remainder when l is divided by u?
8
Let s(n) = -n**3 + 6*n**2 - n + 2. Let d be s(4). Suppose -5*o + 25 + d = 0. What is the remainder when o is divided by -3 + -1*-3*3?
5
Suppose -9*z + 7*z = 3*i - 814, 5*i = -4*z + 1356. What is the remainder when i is divided by 46?
42
Suppose 15*d - 606 = 12*d. What is the remainder when d is divided by 41?
38
Let w(o) = -o**2 - 10*o. Let u be w(-11). What is the remainder when 67 is divided by ((-231)/u)/(3/2)?
11
Let q(t) = -t**3 - 3*t**2 + t. Let z be q(-3). Let i be (-8 - -5) + (-111)/z. What is the remainder when -3 + 5/(5/i) is divided by 8?
7
Let b(h) = -11*h - 26. Suppose 3*u + 12 = -0. Let x = 15 - u. Calculate the remainder when b(-9) is divided by x.
16
Let h(s) = -1512*s + 38. Calculate the remainder when h(-1) is divided by 47.
46
Let s(t) = -t**2 + 5*t - 5*t - 10*t - 13. What is the remainder when 14 is divided by s(-7)?
6
Suppose 0 = 3*i - 13 - 5. Let m be (-2)/i - 652/(-12). Suppose -r + m = r. What is the remainder when r is divided by 7?
6
Suppose 0*i = 3*i - 9. Let o(c) = 6*c + i - 2 - 2*c**2 + c**2. What is the remainder when o(5) is divided by 2?
0
Let z(t) = 29*t - 2. Let d be (-68)/(-24)*3*-2. Let b = -2 - d. Calculate the remainder when z(1) is divided by b.
12
Suppose -18 - 18 = -3*l. Suppose -4*b = -2*b - l. What is the remainder when 53 is divided by 2/2 + (23 - b)?
17
Suppose 162 = -s - 2*s. Let n = s - -58. Calculate the remainder when 4 is divided by n.
0
Suppose c + 4 + 3 = 3*i, 0 = 5*i - 3*c - 17. Calculate the remainder when (80/(-3 + 5))/(i - 0) is divided by 16.
8
Let x(q) = 5*q**2 - q + 5. Let c = -36 + 31. Let o be (-44)/(-10) - (-2)/c. Calculate the remainder when x(o) is divided by 17.
13
Let v = -30 - -33. Let f(b) = -b - 19. Let p be f(0). Let n = v - p. Calculate the remainder when n is divided by 12.
10
Let j = -528 + 563. Calculate the remainder when j is divided by 22.
13
Let o = 